{"id":4047,"date":"2018-03-24T22:17:10","date_gmt":"2018-03-24T21:17:10","guid":{"rendered":"http:\/\/www.villaaugustus.it\/?page_id=4047"},"modified":"2018-05-22T00:26:58","modified_gmt":"2018-05-21T22:26:58","slug":"home-fr","status":"publish","type":"page","link":"https:\/\/www.villaaugustus.it\/?page_id=4047","title":{"rendered":"Home fr"},"content":{"rendered":"<p>LIPARI &#8211; ILES EOLIENNES, SICILE, ITALIE Histoire, culture, hospitalit\u00e9 &#8230; vacanze a rate Vacances \u00e0 Cr\u00e9dit Chers h\u00f4tes, touristes qui d\u00e9sireraient venir ici en vacances et qui n&#8217;avez pas la disponibilit\u00e9 imm\u00e9diate de la somme ou ne souhaitez pas entamer <a href=\"https:\/\/www.villaaugustus.it\/?page_id=4047\" title=\"Read more on Home fr\" class=\"more-link\">read more<\/a><\/p>\n","protected":false},"excerpt":{"rendered":"<p>LIPARI &#8211; ILES EOLIENNES, SICILE, ITALIE Histoire, culture, hospitalit\u00e9 &#8230; vacanze a rate Vacances \u00e0 Cr\u00e9dit Chers h\u00f4tes, touristes qui d\u00e9sireraient venir ici en vacances et qui n&#8217;avez pas la disponibilit\u00e9 imm\u00e9diate de la somme ou ne souhaitez pas entamer read more<\/p>\n","protected":false},"author":2,"featured_media":0,"parent":0,"menu_order":0,"comment_status":"closed","ping_status":"closed","template":"","meta":{"footnotes":""},"aioseo_notices":[],"_links":{"self":[{"href":"https:\/\/www.villaaugustus.it\/index.php?rest_route=\/wp\/v2\/pages\/4047"}],"collection":[{"href":"https:\/\/www.villaaugustus.it\/index.php?rest_route=\/wp\/v2\/pages"}],"about":[{"href":"https:\/\/www.villaaugustus.it\/index.php?rest_route=\/wp\/v2\/types\/page"}],"author":[{"embeddable":true,"href":"https:\/\/www.villaaugustus.it\/index.php?rest_route=\/wp\/v2\/users\/2"}],"replies":[{"embeddable":true,"href":"https:\/\/www.villaaugustus.it\/index.php?rest_route=%2Fwp%2Fv2%2Fcomments&post=4047"}],"version-history":[{"count":217,"href":"https:\/\/www.villaaugustus.it\/index.php?rest_route=\/wp\/v2\/pages\/4047\/revisions"}],"predecessor-version":[{"id":5739,"href":"https:\/\/www.villaaugustus.it\/index.php?rest_route=\/wp\/v2\/pages\/4047\/revisions\/5739"}],"wp:attachment":[{"href":"https:\/\/www.villaaugustus.it\/index.php?rest_route=%2Fwp%2Fv2%2Fmedia&parent=4047"}],"curies":[{"name":"wp","href":"https:\/\/api.w.org\/{rel}","templated":true}]}}